 - 18 = 0, k - 20 - 27 = -h*x. Suppose x = 2*d + 3*d. Let z(f) = f**3 + 2. Calculate z(d).
10
Let z(w) = w - 9. Let r(h) = 9. Let p(c) = 4*r(c) + 5*z(c). Let v be p(10). Let j be v/(-13) - (-4)/26. Let u(a) = a**2 - a - 3. What is u(j)?
9
Suppose -8 = 144*q - 146*q. Let m(b) = 2*b**2 - 4*b - 4. Calculate m(q).
12
Suppose -w - 4*w = 4*x - 54, w - 12 = -2*x. Let v(m) = -m**3 + 11*m**2 - 11*m - 3. What is v(w)?
-13
Let a(k) = -5 + 6*k**2 - 7*k**2 + 0. Give a(0).
-5
Let h(r) = -r**2 + 5*r - 3*r - 3*r - 1. Let a = -2 - 1. Give h(a).
-7
Let y(n) = -n**2 - 2*n - 3. Let w be y(-2). Let k(x) = -2*x**2 + 0*x**2 + 3*x**2. Determine k(w).
9
Let q(t) = -t**2 + 6*t + 2. Suppose 23 + 1 = 4*b. Calculate q(b).
2
Let d be 6/(-8)*(-10 - -6). Let k(w) = w**2 + w - 1. Let s(v) = -4*v**2 - 2*v + 1. Let h(o) = d*k(o) + s(o). Give h(3).
-8
Let f(m) = -m**2 - 7*m - 11. Let g be f(-6). Let k(z) = z**2 + 6*z - 4. Give k(g).
-9
Let w(h) = 5*h**2 + 2*h - 1. Let p(n) = -n + 11. Let o be p(12). Suppose -4*r + 2*d + 3 = 5, 0 = -4*r - d + 13. Let z = r + o. Give w(z).
6
Let x = 53 - 317/6. Let r(w) be the second derivative of 1/2*w**2 + w + 1/2*w**3 + 0 + x*w**4. Give r(-2).
3
Let j(n) = 3*n - 4. Let v be j(4). Let x = -8 + v. Suppose -4 = 3*m - t, x*t - 2 = -m + t. Let y(d) = -d**3 - 3*d**2 - 3*d. Calculate y(m).
9
Suppose 5*l + 5*y - 23 = -3, -5*y = l - 4. Let f(u) = u. Let d(k) = -k + 1. Let s(g) = 3*d(g) + 2*f(g). What is s(l)?
-1
Let j(t) = t**2 + 7*t + 3. Let b be j(-7). Let q(n) = 4*n - 3*n - 3 - b*n + n. Give q(5).
-8
Let m(w) be the first derivative of 2 - 1/24*w**4 - 3/2*w**2 - 5/6*w**3 + 0*w. Let o(x) be the second derivative of m(x). Give o(-4).
-1
Suppose q = 2*q + 4. Let k(s) be the second derivative of s**4/24 - s**3/3 + 3*s**2/2 - 3*s. Let j(u) be the first derivative of k(u). Determine j(q).
-6
Let t(i) = i**2 - 1. Let m(d) = 2*d**2 + d - 3. Let r(w) = -3*m(w) + 5*t(w). Give r(-4).
0
Let i(k) = -k**3 - 2*k**2 - 2*k. Let v be 12/9 + (-2)/(-3). Suppose q - 3 = -v*z, 2*z + 3 = 1. Suppose 0 = q*l + 3 + 7. Give i(l).
4
Suppose -3*o + 21 = -0. Let h(j) = j**3 - 6*j**2 - 7*j - 7. Give h(o).
-7
Let b(h) = h**3 - h**2 - h + 6. Let p(g) = -g**3 - 2*g**2 + 3*g. Let q be p(-3). Calculate b(q).
6
Let g(z) be the third derivative of 5*z**4/8 + z**3/6 - 11*z**2. What is g(-1)?
-14
Suppose -4*k + 34 = i, -3*k - 5*i = -44 + 10. Let r = k - 5. Let z(g) = -g - 1 + 0*g + 4 + g**3 - 2*g**2. Give z(r).
9
Let j be 21/14 - (-49)/2. Suppose -j = 2*a + 4*x, -a = x - 6*x - 22. Let g(b) = b**2 + 3*b - 1. Determine g(a).
-1
Let t(s) = -3*s**2 - 2*s + 2. Let k(n) = -2*n**2 + 39*n - 21. Let g be k(19). Give t(g).
-6
Let y(x) = 2*x**3 - 3*x**2 + 1. Let c be y(2). Let k(b) = -b + 1. What is k(c)?
-4
Let o = -4 - -1. Let x(j) = j**2 + 2*j - 2. Give x(o).
1
Let r(u) be the second derivative of -u**3 + u**2/2 + 35*u. Calculate r(-1).
7
Let t(u) = -u - 10. Let f be t(-4). Let b(y) = -y**2 - 6*y + 5. Give b(f).
5
Let c be 10/6 - 6/(-18). Let a(u) = -1 - 5*u**c + 2*u**2 - u + u. Determine a(1).
-4
Let q = 2 + -2. Let i(f) = -9 + 0*f**3 - f**3 + 12. Calculate i(q).
3
Let q(v) = -v**2 + 4*v + 4. Let u be q(5). Let s(w) = -5*w**2 + w + 1. What is s(u)?
-5
Let m(w) be the second derivative of -w**4/12 - w**3 - 4*w**2 - w. Let l(y) = y - 6. Let g be l(8). Suppose -3 = -2*d + 3*i, -g*d + i = -d + 1. Calculate m(d).
-8
Let d(n) = -n**2 - 5*n. Let i(m) = -m - 10. Let p be i(-7). Let b = p - -2. Let g = b - 2. Calculate d(g).
6
Let i(u) be the third derivative of -u**4/12 + u**3/3 - 10*u**2. Determine i(-5).
12
Suppose 3*c = 4*i - 11, 3*c + 23 = -2*c + 2*i. Let a(l) = -3*l - 7. Determine a(c).
8
Let d(g) = -2*g - 4. Suppose 0 = 5*k - k - 8. Let r be 2 + (-2 - k/(-1)). Suppose 0 = c + r + 1. Determine d(c).
2
Let s(d) = 10*d**3 - 16*d**2 - 6*d + 4. Let n(b) = 7*b**3 - 11*b**2 - 4*b + 3. Let k(l) = -7*n(l) + 5*s(l). What is k(3)?
-7
Let r(o) = -9*o**2 - o + 6. Let v be r(0). Let z(p) = -2*p**2 + 10*p - 6. What is z(v)?
-18
Suppose -4*v + 27 = -a - 3, -3*v + 4*a + 16 = 0. Let n(c) = c**2 - 9*c + 10. Determine n(v).
2
Suppose 7*y + 33 = 5. Let s(j) = -2*j + 2*j + j + 1. Determine s(y).
-3
Let u(w) = 6*w**3 - w**2 - w + 1. Let s be (2/(-4))/(2/(-4)). Suppose -3*r = -2*r - s. Let i = r - 0. Calculate u(i).
5
Let m(a) be the first derivative of 1/6*a**3 - 4 + 0*a**2 - 4*a. Let t(h) be the first derivative of m(h). What is t(-6)?
-6
Let i = 2 + -1. Let b(l) be the first derivative of 2*l**2 - l + 1. Calculate b(i).
3
Let t(j) be the second derivative of -1/20*j**5 + 2*j - 2*j**2 - 1/3*j**4 + 2/3*j**3 + 0. Determine t(-5).
1
Let z be 4/(-8)*8/(-1). Let c = 3 - z. Let q(v) = 11*v**3 - 7. Let j(k) = 23*k**3 - 15. Let y(u) = 6*j(u) - 13*q(u). Give y(c).
6
Let j(i) be the second derivative of -5*i**3/6 + 29*i. Give j(-2).
10
Let d(h) be the second derivative of h**3/6 + 2*h**2 - 22*h. Determine d(0).
4
Let k(h) = -2*h**2 - 3*h - 3. Let j be (-10)/(-4)*(-8)/10. Calculate k(j).
-5
Let q(j) = -j + 1. Let h(i) = -3*i + 4. Let m(g) = h(g) - 2*q(g). What is m(7)?
-5
Let p(a) = 2*a - 2. Let w be p(4). Let b = -16 - -17. Let h(x) = -2*x**2 - 6*x + 3*x**2 + 0*x**2 - b - 5. Give h(w).
-6
Let v(m) = 4 - 1 + 2 - 6 - 7*m. Calculate v(-2).
13
Let h(d) = -3*d**3 - d**2 + 1. Let g(r) = r**3 - 10*r**2 - 6. Let c be g(10). Let u be ((-2)/(c/(-3)))/1. Calculate h(u).
3
Let w be -4 + (6/(-3))/(-1). Let i be (-3)/6 + (-3)/w. Let b(t) = -t**2 + t - 1. Calculate b(i).
-1
Suppose 10 = -2*j - 10*t + 5*t, 0 = 3*t. Let g(a) = 5*a - 3. Let w(u) be the first derivative of 3*u**2 - 2*u + 2. Let f(d) = j*g(d) + 4*w(d). What is f(3)?
4
Suppose -2*t + 27 = -3*p, 2*t - 21 = p - 0*p. Let d = -9 + t. Let m(v) = 2*v - 10 + v - 4*v. Calculate m(d).
-10
Let h(z) = -2*z**3 - 2*z**2 + 4*z. Suppose -3*x - 3*f = 24, 0 = -5*f - 13 - 12. What is h(x)?
24
Let p(t) = -t**3 + 5*t**2 + 3*t - 8. Suppose 10 = -5*g + 40. What is p(g)?
-26
Let w(n) be the third derivative of n**4/24 + 5*n**3/6 - 5*n**2. Calculate w(0).
5
Let c(j) = -j**2 - 6*j - 6. Let q be c(-4). Let y(x) = x - 5. Let h be y(5). Let o(f) = f + h - q*f + 0. What is o(0)?
0
Let s(c) = -2 - 4 + 3*c + 6 - 1. Determine s(-2).
-7
Let a(f) = -13*f**2 + 33*f - 15. Let m = -7 + -2. Let r(p) = -3*p**2 + 8*p - 4. Let i(x) = m*r(x) + 2*a(x). What is i(5)?
1
Let t(g) = 2*g - 2*g - g + 2 + 3*g. Give t(3).
8
Let l(t) = 3*t**2 - 4 - 5*t + 4*t**2 - 8*t**2. Calculate l(-6).
-10
Let a = 4 + 2. Suppose a*l - 4 = 8*l. Let z(c) = -2 - 3*c**3 - c**2 - 1 - 2*c + 2*c**3. Give z(l).
5
Let h(k) = k**2 - 4*k. Let m = 5 + -3. Let l(f) = 3*f - 3. Let d be l(m). Calculate h(d).
-3
Let s(a) = a**3 - 7*a**2 + a - 3. Let z be s(7). Let f(y) = 112*y - 118*y + y**2 + 5 - 2. Give f(z).
-5
Let t = 6 - 7. Let w(r) = r + 119*r**3 - 4*r**2 + 1 - 125*r**3 + 3*r**2. Calculate w(t).
5
Let q(x) = x**3 - 6*x**2 - 2*x + 9. Suppose -30 = -5*j - v - v, -3*j = -v - 18. What is q(j)?
-3
Let z = -7 + 11. Let p be (z/10)/((-4)/20). Let q(s) = -2*s**2 - 2*s + 2. Calculate q(p).
-2
Let u(o) = o**2 + 5. Let y(b) = b**2 + 6. Let z(h) = -7*u(h) + 6*y(h). Determine z(-1).
0
Let c(m) = -5*m + 9. Let l(y) = -14*y + 25. Let g(o) = -11*c(o) + 4*l(o). Give g(6).
-5
Let j(o) be the second derivative of o**5/20 + 5*o**4/12 + 3*o**2/2 - 2*o. Let y = -17 + 12. Let k be j(y). Let q(c) = -c**3 + 3*c**2 + 3*c - 2. Determine q(k).
7
Let x be ((-2)/3)/(6/9). Let r be 4 - (-1 - -4) - x. Let y(i) = -i**3 + i - 1. Calculate y(r).
-7
Let d(i) be the first derivative of i**3/3 - 3*i**2 + 8*i + 1. Let z(a) = a**3 + 8*a**2 - 4*a - 26. Let v be z(-8). What is d(v)?
8
Let p(x) = -x**3 + 4*x. Let v be (-19 + 1)/6*1. Calculate p(v).
15
Let r(y) = y - 2. Let v(x) = -x**3 - 3*x**2 + 5*x - 1. Let b be v(-4). Calculate r(b).
-7
Let q be (-7 - 4/(-2))*1. Let r(m) = -5*m**2 - 8*m. Let z(k) = -9*k**2 - 15*k - 1. Let s(j) = q*r(j) + 3*z(j). What is s(-3)?
-6
Let v = 1 + 4. Let d be (-21)/(-14) + (-6)/4. Let q(l) = 10 - 5*l**2 - 2*l + l**3 - 3 + d*l. What is q(v)?
-3
Suppose 2*x - 1 = 1. Let t(b) = 5*b**2 - 4*b**2 - 2*b**2 + 6*b**2 + 1. Calculate t(x).
6
Let f(o) be the first derivative of 2*o**2 + o - 1. Suppose 3*n - j + 6 = 0, 5*n - 2*n - 3 = -2*j. Give f(n).
-3
Let s(o) be the second derivative of o**5/20 - o**4/3 - 2*o**3/3 - 7*o**2/2 + 17*o. Calculate s(5).
-2
Let d(s) = -s - 4. Let 